(n) = -5*q(n) + 6*x(n). Let r = 0 - 9. What is the units digit of s(r)?
0
What is the tens digit of (-1 + -2)*(-10 - 4368/18)?
5
Suppose -2*q - 4*v - 25 = -v, -q = -4*v - 15. What is the hundreds digit of 1 + 6/q - (-28620)/225?
1
Let r(x) = 35 + 3*x**2 - 17 - 16 + x. Suppose -6 = -3*u, -4*l - u - 14 = -2*u. What is the tens digit of r(l)?
2
Let p be (1 + -4)*1 + 3. Let j(y) = p + y - 47*y**2 - 5 + 48*y**2. What is the units digit of j(6)?
7
Let k(f) = f**3 + 19*f**2 - 21*f - 11. Let u be k(-20). What is the hundreds digit of (-4)/8*-24*1*u?
1
Let c(x) = 6*x**2 + 2*x - 12. What is the units digit of c(3)?
8
Let p = 21 + -56. What is the tens digit of (24/28)/((3/p)/(-3))?
3
Let s(n) = -2*n**3 - 9*n**2 - 4*n + 2. Let t be s(-4). What is the units digit of (-8)/(t/1) + (-44 - -68)?
0
Let s = 786 + -415. What is the units digit of s?
1
Let z(u) = -690*u + 51. What is the hundreds digit of z(-1)?
7
What is the hundreds digit of 248 - (-2)/((-2)/9)?
2
What is the tens digit of (-2264)/(-6) - (-2)/(-6)?
7
Let m be ((-45)/10 + 4)*-2. Let a(t) = t**2 - 3*t - 2. Let w be a(5). Let y = w + m. What is the units digit of y?
9
Suppose -3073 = -4*x - 985. What is the units digit of x?
2
Suppose 4*l = l + 105. Let v = 23 - 45. Let j = l + v. What is the tens digit of j?
1
Let j = -13 + 11. Let o be 1/4*(-2 - j). Suppose 2*f + f - 66 = o. What is the tens digit of f?
2
Let i(u) = 98*u - 140. What is the tens digit of i(5)?
5
Suppose -5*s + 4*a + 1129 = 0, 7*a + 691 = 3*s + 8*a. What is the units digit of s?
9
Suppose 265*g = 267*g - 958. What is the units digit of g?
9
What is the units digit of (-1 + 4/12)/(6/(-24723))?
7
Let g = 142 + -135. Suppose -g*j + 2*j - 2*l + 1307 = 0, 4*j = 2*l + 1042. What is the tens digit of j?
6
Let p = 1582 + -797. What is the units digit of p?
5
Suppose -5*f = -6*c + 10*c - 579, 5*c = -5*f + 720. What is the units digit of c?
1
Suppose 0 = 2*t - 4*p - 3584, 7*t + 7194 = 11*t + 5*p. What is the units digit of t?
6
Suppose 0 = -22*o + 19*o + 1314. What is the hundreds digit of o?
4
Suppose -5*i = -2*w - 3583, 2*i + 3*w - 6*w = 1442. What is the units digit of i?
5
Let w(j) = 10*j**2 + j + 46. What is the tens digit of w(8)?
9
Let c = -17 - -19. Let r be (12 - 3) + -3 - c. Suppose 4*k = 3*x - 5, 20 = r*k + k + 5*x. What is the units digit of k?
1
Suppose 3*b = 3*m, 2*b = 3*m - 2*b + 3. Suppose 12 = m*h, -2*f + 57 = f + 3*h. What is the units digit of (12*1)/(f/20)?
6
Let q = -5106 - -7604. What is the thousands digit of q?
2
Let x = 1593 + 285. What is the units digit of x?
8
Let x be 7/(-14) - 58/(-4). Let c = -9 + x. Suppose 0 = c*i + 2*a - 15 - 0, 4*i - 45 = 5*a. What is the units digit of i?
5
Let o(i) = 558*i**2 - 2*i + 1. What is the tens digit of o(1)?
5
Let s be (0 + 4 + 1)*1. Suppose -s*z + 111 = -104. What is the units digit of z?
3
Suppose -2*q + 1 = -3. Let l(w) = 83*w**3 - w + 2*w**2 + 1 - 3*w**2 - 2*w - 80*w**3. What is the units digit of l(q)?
5
Suppose 0 = d - 5*t - 478, 5 + 1 = -2*t. What is the hundreds digit of d?
4
Suppose -3 = -s - 0. Suppose g + 5*u - 3 = 0, -s*g + 3*u + 3 - 12 = 0. What is the units digit of (3 + 3 + g)/1?
4
Suppose -2*b + 34 = 2*c + b, 0 = -4*c - 5*b + 64. Let g = 16 - c. Suppose 2*q + 11 = g*s, -3*q + 2*s + 3*s = 4. What is the units digit of q?
7
Let s(g) = g**3 + 9*g**2 + 2. Let f be s(-9). Let p(q) = -3 + 4 + 1 + 2*q**f - 7*q. What is the tens digit of p(5)?
1
Let d(t) = 3*t**2 - 7*t - 21. What is the units digit of d(11)?
5
Suppose 0 = -2*r + 2*g + 1288, 5*r - r - 3*g - 2578 = 0. Suppose 0 = 4*q + 26 - r. What is the tens digit of q?
5
Let u(q) = -q**3 + 10*q**2 + 2. Let c be u(10). Suppose c*y + 47 = 267. Suppose -6*w + 2*w = 3*a - y, 0 = -4*w + 5*a + 126. What is the tens digit of w?
2
Let c = -134 + 262. Suppose 164 = 3*d - 5*g, 3*d - c = -g - 3*g. What is the tens digit of d?
4
Let d(m) = -96*m + 19. Let z(o) = 2*o**3 - 5*o**2 - 3*o - 3. Let u be z(3). What is the units digit of d(u)?
7
Let z be 47/9 + 6/(-27). Let w(i) = i**2 - 2*i + 4*i + 7 + 8*i - 14*i. What is the units digit of w(z)?
2
Let r = 2 + -2. Suppose 2*w - 6 = r, -3*q + 1 + 14 = 2*w. Suppose -q*f + 2 = -4. What is the units digit of f?
2
Suppose 2 = -2*h - 4*x + 34, -2*x = -h + 24. What is the tens digit of ((-62)/4)/(h/(-40))?
3
Suppose 2*c = 4*t + 654, -5*c + 1349 = 3*t - 247. Suppose c + 237 = 6*p. What is the units digit of p?
3
Suppose -3*t - 53 = -4*v, 0*v - 2*v + t = -25. Suppose 0 = -14*r + v*r + 24. What is the units digit of r?
8
Let c = 8 + -20. Let b be 0/(-1) + c/(-4). Suppose 0 = -i + b*y + 33 + 8, -12 = -3*y. What is the tens digit of i?
5
Let l = 3506 - 2192. What is the units digit of l?
4
Suppose -38*d = 13413 - 64599. What is the hundreds digit of d?
3
Let b = 10522 - 7270. What is the units digit of b?
2
Suppose -1060 = -2*r - 4*n, -2*r + 6*r - n = 2120. What is the units digit of r?
0
Let k be (-52)/(1 + 1 - 36/15). Let s = 204 - k. What is the units digit of s?
4
Suppose y - 3 = 2. Suppose -55 = -y*w + 145. Let b = w - 17. What is the units digit of b?
3
Let l(j) = -31*j + 74. What is the hundreds digit of l(-8)?
3
Let y = 363 + 75. What is the tens digit of y?
3
Let y be 47 + (1 - 1) + -2. Let w = y + -7. Suppose -3*a + w = -a + 4*u, 33 = a - 5*u. What is the units digit of a?
3
Let k = -35 + 31. Let w(d) = -30*d + 5. What is the tens digit of w(k)?
2
Let v = 22 + 51. Let l = -44 + v. What is the units digit of l?
9
Suppose 0 = 2*l - l + 3*g - 65, 0 = -5*l + g + 325. Suppose 0 = 2*y - 4*y + 5*z - l, -y - 31 = -z. What is the units digit of -4*(-9)/y*-5?
6
Suppose 0*y = 2*y + 3*p, -y - 1 = p. Let n = y + 43. Suppose n = c + 5*m, -m + 2 = -0*m. What is the units digit of c?
0
Let c be (-3)/(-2)*(10 + 8). Suppose 0 = -5*v + 3*w + 80 + 65, 0 = -v + w + c. What is the units digit of v?
2
Let w be 98/16 - (-3)/(-24). Suppose 76 = w*t - 56. What is the units digit of t?
2
Let p(s) = 2*s**2 + s - 5. Let n be p(3). Suppose -119 = -n*z + 15*z. What is the hundreds digit of z?
1
Suppose -14*s - 5*c - 2833 = -17*s, -s + 937 = 2*c. What is the units digit of s?
1
Let z(w) = -2*w + 2*w + 3 + 4*w. Let y = 5 - 2. What is the tens digit of z(y)?
1
What is the units digit of 230*(-1 + ((-36)/(-8))/3)?
5
Let x(y) = y. Let s(p) = -6*p. Let c(f) = 4*s(f) + 27*x(f). Let k(v) = v + 2. Let z be k(7). What is the tens digit of c(z)?
2
Suppose -v - v - 5*k + 246 = 0, 5*v = 2*k + 586. Suppose 27*q = 29*q + v. Let t = -33 - q. What is the tens digit of t?
2
Suppose 802 + 86 = h. Suppose j - 5*j = -h. What is the tens digit of j/(-3)*(-1)/2?
3
Suppose 3*h - 3704 = 3*y - 4*y, 3*y + 1218 = h. What is the hundreds digit of h?
2
Let o be 7 - -3*(-1)/1. Let z(q) = -q**3 + 10*q**2 + 12. Let v be z(10). Suppose -4*x - 6*f + f = -119, o*f = v. What is the units digit of x?
6
Let z be ((2 - -2) + -18)/2. Let k = 20 + z. What is the units digit of k?
3
Let b(k) = 2*k + 6. Let z(i) = -3*i - 6. Let h(c) = 5*b(c) + 4*z(c). Let u be h(-6). What is the units digit of 194/u + (-8)/(-36)?
1
Let h(d) = -d**3 - 2*d. Suppose -4*x = -2*s - 2*s - 20, -x - 5*s = -5. Let a(q) = -q**2 + 5*q - 2. Let t be a(x). What is the units digit of h(t)?
2
Suppose 3*r = -7*r + 1590. Suppose 17*d - 18*d + r = 0. What is the tens digit of d?
5
Let y(j) be the third derivative of j**5/20 + j**4/24 + j**3/6 + j**2. Let m be 742/(-154) - -5 - 13/11. What is the units digit of y(m)?
3
Suppose 3431 = 14*i + 281. What is the tens digit of (-3 - i/(-6))*2/3?
2
Let r = -39 - -43. Suppose 45 = -r*c - 11. Let i = c - -47. What is the tens digit of i?
3
Let o = 165 - -158. What is the hundreds digit of o?
3
Suppose -6*i = -47 - 61. What is the units digit of i?
8
Let w(m) = -8 + 2 + 4 + 3 - 5*m. Let o be w(-1). Suppose 7 = o*y - 29. What is the units digit of y?
6
Suppose -2*g - 2*g + u = 88, 2*u = 0. What is the tens digit of (-405)/(-13) - g/(-143)?
3
Let w = 91 - 88. Suppose v + 270 = 2*q, -q - w*v = -95 - 26. What is the hundreds digit of q?
1
Let d be 437/15 + (-4)/30. Suppose -d*u = -28*u - 77. What is the units digit of u?
7
Let b be (12/(-9))/((-2)/3). Let d(v) = 4*v + 16. What is the units digit of d(b)?
4
Suppose t + 3*k + 161 - 658 = 0, 4*k + 20 = 0. What is the hundreds digit of t?
5
Let f = 0 - -5. Suppose 4*n = 13 - f. Suppose n*x = x + 24. What is the